 6.
235551
What is 6277 (base 9) in base 16?
11fe
Convert -1b4 (base 13) to base 15.
-161
1d00 (base 14) to base 7
21300
-955 (base 13) to base 11
-1217
Convert 53425 (base 11) to base 2.
10010111110001101
125232 (base 6) to base 12
6818
30e6 (base 16) to base 15
3a98
What is -10202112 (base 3) in base 14?
-ddb
-10220 (base 3) to base 14
-77
-2216 (base 8) to base 7
-3254
Convert 32011 (base 11) to base 14.
12da5
What is 220222 (base 3) in base 15?
2ee
What is b3ad (base 16) in base 9?
70077
What is -5c8d (base 16) in base 14?
-88c5
Convert 644 (base 15) to base 8.
2606
1220022 (base 3) to base 8
2551
What is -28842 (base 9) in base 5?
-1112030
What is -1abe (base 15) in base 5?
-141204
15186 (base 10) to base 7
62163
What is -6752 (base 8) in base 5?
-103222
What is 13b (base 16) in base 13?
1b3
What is -5642 (base 9) in base 11?
-3150
What is 1044145 (base 6) in base 13?
1b032
What is -6651 (base 15) in base 11?
-15316
-2482 (base 14) to base 4
-1203302
Convert 212211 (base 3) to base 13.
3a6
What is -1883 (base 10) in base 6?
-12415
What is -3777 (base 10) in base 11?
-2924
What is 2400 (base 8) in base 9?
1672
448 (base 15) to base 16
3c8
Convert 179 (base 10) to base 15.
be
Convert 7182 (base 14) to base 15.
5bb3
What is 11aa (base 14) in base 16?
c12
-10100011110 (base 2) to base 16
-51e
Convert -1133004 (base 5) to base 12.
-101a4
What is 1be0 (base 16) in base 7?
26543
Convert -12585 (base 10) to base 12.
-7349
-1192 (base 13) to base 6
-15301
-11111101 (base 3) to base 2
-110011001101
-1007 (base 8) to base 11
-432
What is -10111111101 (base 2) in base 3?
-2002210
630 (base 8) to base 14
212
What is -77 (base 16) in base 9?
-142
1218 (base 12) to base 6
13232
What is -1100010001110 (base 2) in base 10?
-6286
What is 42b (base 12) in base 16?
263
750 (base 10) to base 16
2ee
What is 396 (base 11) in base 6?
2100
What is -1324 (base 5) in base 10?
-214
-3232033 (base 4) to base 16
-3b8f
Convert 4 (base 12) to base 8.
4
What is 6731 (base 8) in base 7?
13223
Convert 1413 (base 6) to base 9.
450
Convert -1a4 (base 14) to base 10.
-340
Convert 1189 (base 11) to base 6.
11101
What is -54c6 (base 15) in base 4?
-10120221
What is -2211 (base 6) in base 3?
-200221
What is -44410 (base 5) in base 13?
-154b
Convert -bc (base 16) to base 4.
-2330
21450 (base 7) to base 13
25a7
What is -6b (base 16) in base 11?
-98
-101102100 (base 3) to base 15
-23b6
-200 (base 7) to base 12
-82
Convert 121020 (base 3) to base 8.
666
What is 101 (base 11) in base 2?
1111010
What is 111222 (base 3) in base 15?
1a2
-5b92 (base 12) to base 11
-7845
What is -67b0 (base 13) in base 7?
-60204
-61 (base 7) to base 3
-1121
What is -2351 (base 8) in base 15?
-58c
What is 110110 (base 2) in base 10?
54
What is -4232 (base 5) in base 13?
-348
-110110101001000 (base 2) to base 11
-1a023
What is -475 (base 10) in base 4?
-13123
-10132 (base 4) to base 8
-436
-43 (base 12) to base 10
-51
-411 (base 8) to base 10
-265
-984 (base 11) to base 12
-825
1d (base 14) to base 6
43
17322 (base 8) to base 2
1111011010010
Convert -1001112121 (base 3) to base 13.
-9616
What is -3013114 (base 5) in base 8?
-135445
1221312 (base 5) to base 3
1012000011
Convert 561 (base 8) to base 6.
1413
Convert 1031210 (base 4) to base 3.
20210212
Convert -10101100010110 (base 2) to base 12.
-6472
-1041 (base 8) to base 2
-1000100001
-221111012 (base 3) to base 16
-4895
What is 19 (base 11) in base 2?
10100
-21211 (base 4) to base 3
-211201
2d4 (base 14) to base 6
2402
What is 101010011010110 (base 2) in base 6?
244314
59 (base 10) to base 12
4b
1d83 (base 16) to base 12
4457
What is 104b7 (base 13) in base 14?
a9d1
What is -3233 (base 7) in base 14?
-5c3
Convert 1041413 (base 5) to base 14.
6994
-8467 (base 11) to base 14
-4125
-a215 (base 13) to base 14
-81ca
Convert -214 (base 9) to base 2.
-10101111
What is -1612 (base 7) in base 14?
-342
-342 (base 12) to base 2
-111100010
What is 111010220 (base 3) in base 2?
10010101101110
Convert 32202 (base 7) to base 4.
1330311
Convert 111110110010 (base 2) to base 16.
fb2
What is -2043012 (base 5) in base 3?
-1201211011
Convert -8888 (base 11) to base 12.
-6940
5148 (base 12) to base 9
13112
What is -24033 (base 5) in base 13?
-a60
38024 (base 9) to base 5
1304122
Convert 102212 (base 4) to base 2.
10010100110
20002020 (base 3) to base 6
32310
3102 (base 15) to base 2
10100001110000
-2ccb (base 14) to base 6
-101043
Convert -5601 (base 16) to base 3.
-1010012110
-453 (base 14) to base 10
-857
Convert -4381 (base 15) to base 8.
-33730
What is -302400 (base 5) in base 12?
-5765
-511325 (base 6) to base 8
-117105
What is -25463 (base 9) in base 2?
-100001011111100
What is 208 (base 14) in base 11?
334
Convert -59e9 (base 15) to base 5.
-1102434
86b1 (base 12) to base 13
6991
-b62 (base 12) to base 4
-121322
What is -1110 (base 3) in base 10?
-39
What is 17504 (base 10) in base 15?
52be
-512 (base 15) to base 5
-14032
Convert -4e (base 16) to base 9.
-86
-166 (base 9) to base 12
-b9
Convert -171 (base 15) to base 7.
-652
Convert -1101011001 (base 2) to base 15.
-3c2
Convert -140 (base 11) to base 9.
-203
Convert -11311 (base 4) to base 9.
-454
-11000001110010 (base 2) to base 5
-344102
Convert 6967 (base 12) to base 13.
5464
-34010 (base 9) to base 12
-11100
What is 200121120 (base 3) in base 9?
20546
-1432 (base 13) to base 6
-21254
Convert -537 (base 15) to base 7.
-3301
-7e4 (base 15) to base 11
-1387
Convert -34002 (base 5) to base 4.
-211021
What is b1 (base 12) in base 8?
205
What is -443030 (base 6) in base 13?
-13a88
Convert 16001 (base 8) to base 9.
10745
1101001101011 (base 2) to base 16
1a6b
10021 (base 5) to base 14
336
Convert 2896 (base 10) to base 4.
231100
Convert 514 (base 10) to base 3.
201001
3002 (base 6) to base 5
10100
-341 (base 8) to base 11
-195
2634 (base 8) to base 15
65b
What is -332 (base 15) in base 16?
-2d2
Convert -30 (base 8) to base 13.
-1b
What is 152c (base 14) in base 4?
322310
What is -34 (base 6) in base 15?
-17
What is 202 (base 12) in base 16?
122
-13331312 (base 4) to base 15
-9a05
Convert 428 (base 9) to base 5.
2400
33231 (base 6) to base 15
1587
3d (base 16) to base 5
221
What is -5047 (base 12) in base 8?
-20767
122033 (base 4) to base 7
4616
Convert 2422 (base 7) to base 2.
1110000010
Convert 330 (base 4) to base 15.
40
Convert 203255 (base 6) to base 8.
37663
3927 (base 13) to base 14
2d7b
Convert -1000101001001011 (base 2) to base 14.
-cc8b
What is 1c566 (base 13) in base 6?
1110330
1111010000 (base 2) to base 9
1304
21763 (base 9) to base 13
6786
2a7 (base 13) to base 15
21a
Convert 52 (base 8) to base 10.
42
423c (base 15) to base 7
55560
What is -122122000 (base 3) in base 9?
-18560
-110011121 (base 3) to base 15
-2967
Convert 20050 (base 7) to base 14.
1a97
What is 12763 (base 10) in base 5?
402023
Convert 277 (base 16) to base 13.
397
Convert -2d96 (base 14) to base 16.
-1fe8
202011 (base 3) to base 16
220
What is 4bc (base 14) in base 11?
794
What is -1201122 (base 3) in base 5?
-20014
What is 2288 (base 12) in base 16?
f08
What is 130140 (base 6) in base 3?
121002020
What is -4586 (base 11) in base 2?
-1011110000111
Convert 42333 (base 7) to base 15.
3176
What is -986 (base 10) in base 2?
-1111011010
9d4 (base 14) to base 5
30300
-10011011101 (base 2) to base 7
-3426
122 (base 16) to base 4
10202
17b (base 14) to base 16
131
-11032100 (base 4) to base 14
-7b20
What is 518a (base 12) in base 9?
13167
What is 3682 (base 9) in base 16?
abb
-45 (base 14) to base 7
-115
What is 1102333 (base 4) in base 7?
21325
What is -19c (base 16) in base 11?
-345
-172 (base 9) to base 6
-402
1344201 (base 5) to base 14
a319
-11206 (base 8) to base 3
-20111122
Convert -988 (base 11) to base 3.
-1121220
What is 81a (base 11) in base 4?
33131
-43004 (base 8) to base 7
-103154
Convert 257 (base 12) to base 4.
11203
What is -10220122 (base 3) in base 16?
-b24
Convert -1119 (base 10) to base 9.
-1473
Convert 23112221 (base 4) to base 3.
2100210102
20122 (base 4) to base 10
538
What is -142255 (base 6) in base 5?
-412444
What is 8c94 (base 14) in base 3?
1020111222
215660 (base 7) to base 5
2204231
Convert -8946 (base 10) to base 14.
-3390
What is -5025 (base 6) in base 11?
-908
What is 11b0d (base 14) in base 7?
240216
What is -